Let m(a) = -a**2 + 2*a + 17. What is m(8)?
-31
Let y(i) = 3*i - 18. Calculate y(7).
3
Let v(o) = -o**3 - 2*o**2 + 4*o + 7. Calculate v(-3).
4
Let f(k) = k**2 - 8*k + 25. What is f(11)?
58
Let h(b) = 3*b**2 + b + 1. Determine h(1).
5
Let c(f) = -2*f**3 + 23*f**2 - 65*f - 16. What is c(6)?
-10
Let h(n) = 2*n**2 - 25*n - 11. Determine h(13).
2
Let t(f) = -f**2 + 5*f - 17. Calculate t(13).
-121
Let s(o) = -2*o**3 - 5*o**2 + 10*o + 14. What is s(-4)?
22
Let c(l) = -2*l**3 + 22*l**2 + 3*l - 33. What is c(11)?
0
Let z(m) = m**3 + 6*m**2 - 7*m + 4. What is z(-8)?
-68
Let o(m) = 3*m - 5. Determine o(5).
10
Let c(i) = -32*i**3 - 2*i**2 + 1. Give c(1).
-33
Let i(a) = a - 15. What is i(-7)?
-22
Let a(f) = 2*f**2 + 42*f + 206. Calculate a(-12).
-10
Let k(q) = -q**2 + 5*q + 3. Determine k(-1).
-3
Let t(h) = h**2 + 22*h + 79. Give t(-20).
39
Let v(h) = -4*h - 30. Calculate v(-5).
-10
Let y(w) = 2*w**2 - 22*w - 78. Determine y(-3).
6
Let z(l) = -6*l - 45. Calculate z(-8).
3
Let b(t) = -33*t + 14. What is b(4)?
-118
Let p(c) = -c**2 + 10*c + 66. What is p(-5)?
-9
Let z(v) = v**2 - 28*v - 21. Calculate z(28).
-21
Let w(p) = 5*p**3 + 2*p**2 - 1. Give w(-2).
-33
Let l(k) = k**2 - 10*k + 7. What is l(8)?
-9
Let n(q) = 2*q**2 + 2*q + 28. Give n(6).
112
Let m(z) = -6*z - 44. What is m(-11)?
22
Let h(t) = -t**3 + 7*t**2 - 5*t + 2. What is h(5)?
27
Let y(v) = -4*v - 7. What is y(-7)?
21
Let p(x) = 2*x**3 + 6*x**2 + x - 7. Give p(-5).
-112
Let c(b) = 2*b**2 - 48*b + 3. What is c(24)?
3
Let m(y) = -11*y**3 + y. What is m(-1)?
10
Let z(f) = 5*f + 2. Give z(6).
32
Let t(i) = -i - 31. Determine t(-25).
-6
Let r(i) = i**3 + 5*i**2 + 6*i + 1. What is r(-5)?
-29
Let r(f) = -3*f - 112. Give r(-35).
-7
Let p(f) = -14*f + 511. Calculate p(36).
7
Let f(y) = -y**2 + 2*y + 4. Give f(6).
-20
Let c(s) = s**2 + 2*s + 2. Calculate c(4).
26
Let k(q) = -5*q. Give k(-2).
10
Let c(m) = 3*m**2 - 200*m + 126. Calculate c(66).
-6
Let b(k) = -k**2 - 13*k - 7. What is b(-7)?
35
Let m(h) = -h**2 + 6*h - 2. Determine m(5).
3
Let a(d) = -161*d + 482. What is a(3)?
-1
Let g(c) = -c**2 - 4*c - 3. What is g(-3)?
0
Let s(h) = -h**3 + 8*h**2 + 9*h - 13. Determine s(9).
-13
Let h(x) = 2*x + 7. Give h(-10).
-13
Let y(f) = f**2 + 3. What is y(0)?
3
Let c(h) = 9*h**3 + 2*h**2 + 12*h + 29. Determine c(-3).
-232
Let a(o) = o**3 + 11*o**2 + 8*o - 12. Give a(-10).
8
Let t(f) = -f**3 - 10*f**2 + 12*f + 10. Determine t(-11).
-1
Let c(l) = -l**3 + 5*l**2 - 14*l + 18. Give c(4).
-22
Let z(o) = o**3 + 33*o**2 + 31*o - 31. Calculate z(-32).
1
Let x(t) = -3*t - 18. Give x(-8).
6
Let p(w) = -22*w + 314. Determine p(14).
6
Let u(c) = -40*c**3 + 2*c**2 - c. Give u(1).
-39
Let u(l) = l**3 - 4*l**2 - 12*l - 8. Calculate u(6).
-8
Let y(n) = -n**2 + 11*n. What is y(12)?
-12
Let u(r) = 2*r**2 - 2*r + 12. Calculate u(3).
24
Let j(n) = -n**2 + 41*n + 569. Determine j(52).
-3
Let o(h) = 12*h - 78. Give o(10).
42
Let y(b) = -14*b - 19. Determine y(-5).
51
Let y(j) = -10*j + 6. Determine y(2).
-14
Let t(s) = -10*s**2 + s + 1. What is t(-1)?
-10
Let z(n) = n**3 - 9*n**2 + 25*n - 18. What is z(4)?
2
Let l(x) = 7*x - 60. What is l(8)?
-4
Let b(q) = -q**3 - 8*q**2 - 16*q - 2. What is b(-4)?
-2
Let o(w) = -w**2 + 3*w + 6. Calculate o(5).
-4
Let z(v) = -15*v**2 + 9*v + 4. Determine z(-1).
-20
Let u(q) = q**3 - 10*q**2 + 15*q - 42. Calculate u(9).
12
Let b(f) = f**3 - 10*f**2 - 12*f - 4. Give b(11).
-15
Let a(y) = y**3 - 13*y + 3. What is a(5)?
63
Let r(s) = 2*s + 13. Give r(-8).
-3
Let x(l) = l**3 + 6*l**2 + 3*l - 7. Determine x(-4).
13
Let l(m) = -m**3 + 35*m**2 - 30*m - 144. Calculate l(34).
-8
Let w(m) = -m**3 + 6*m**2 - 6*m - 2. Calculate w(6).
-38
Let l(r) = -r**2 - 9*r + 16. Determine l(-9).
16
Let b(f) = -29*f - 14. What is b(-1)?
15
Let b(t) = -2*t**2 - 67*t + 12. Determine b(-34).
-22
Let w(o) = o**3 - 4*o**2 - 13*o - 2. Determine w(6).
-8
Let d(y) = 11*y - 165. Calculate d(14).
-11
Let p(q) = -49*q + 31. Calculate p(1).
-18
Let n(m) = m**2 + 13*m + 17. What is n(-13)?
17
Let y(q) = -q**3 - 16*q**2 + 17*q - 15. What is y(-17)?
-15
Let p(h) = h**2 + h - 10. What is p(-3)?
-4
Let p(v) = 7*v**2 + 2*v - 2. Give p(-3).
55
Let n(d) = d**3 - d**2 - d - 3. Give n(0).
-3
Let k(m) = m**3 - 22*m**2 - m + 21. What is k(22)?
-1
Let u(z) = 9*z + 53. Give u(-8).
-19
Let c(k) = 9*k + 181. What is c(-20)?
1
Let m(b) = -b**3 + 12*b**2 - 8*b - 29. Determine m(11).
4
Let c(v) = 56*v - 24. Determine c(1).
32
Let f(l) = -2*l**3 - 3*l**2 + 11*l + 18. Calculate f(-2).
0
Let g(v) = -v**2 + 19*v - 62. Calculate g(15).
-2
Let x(o) = -21*o + 79. Determine x(3).
16
Let c(m) = 8*m**3 + m**2 - 5*m - 4. Calculate c(-1).
-6
Let f(m) = m**3 - 8*m**2 + 18*m - 15. Calculate f(5).
0
Let g(p) = -2*p**2 + 5*p - 3. Give g(3).
-6
Let s(m) = -11*m - 1. What is s(-1)?
10
Let x(q) = 17*q - 41. Give x(3).
10
Let c(v) = -v**2 - 5*v - 1. What is c(-4)?
3
Let v(u) = u**3 - 15*u**2 + 45*u - 6. Give v(5).
-31
Let m(n) = -n**3 + 10*n**2 + 8*n - 8. Calculate m(11).
-41
Let r(b) = 35*b + 9. Calculate r(4).
149
Let b(f) = -f**2 - 11*f - 25. Determine b(-6).
5
Let n(a) = a**2 - 16*a + 3. Determine n(17).
20
Let z(h) = h - 27. What is z(0)?
-27
Let s(t) = t**2 - 51*t - 109. Give s(-2).
-3
Let d(c) = c**3 - 20*c**2 + 19*c + 5. Determine d(19).
5
Let d(k) = -k**3 - 14*k**2 + 7*k + 19. Determine d(-14).
-79
Let c(t) = 17*t. Determine c(1).
17
Let x(j) = -j**3 + 26*j**2 - 29*j + 102. Give x(25).
2
Let h(w) = 2*w**2 - 2*w - 7. What is h(6)?
53
Let a(s) = 2*s + 13. Determine a(7).
27
Let d(y) = y**3 + 10*y**2 + 7*y - 1. What is d(-9)?
17
Let z(m) = -12*m + 143. Calculate z(12).
-1
Let l(z) = -z**3 + 9*z**2 + 7*z + 21. Give l(10).
-9
Let h(u) = -u**3 - u**2 + 12*u + 8. What is h(-3)?
-10
Let r(h) = -2*h**3 + 12*h**2 - 2*h + 9. Determine r(7).
-103
Let p(q) = 2*q - 12. Determine p(5).
-2
Let x(c) = c**2 + 8*c + 7. What is x(-5)?
-8
Let y(r) = r**2 - 51. Calculate y(-8).
13
Let m(u) = -u**2 + 12*u - 23. Determine m(9).
4
Let a(j) = -3*j - 54. Calculate a(-8).
-30
Let q(r) = -20*r**3 - r**2 + r - 1. What is q(1)?
-21
Let v(m) = 6*m**2 - 2*m. Give v(-2).
28
Let y(n) = n**2 + 10*n - 1. Give y(-8).
-17
Let n(i) = -37*i - 256. Determine n(-7).
3
Let s(v) = -v - 17. Calculate s(-19).
2
Let a(i) = i - 12. Calculate a(19).
7
Let r(a) = a**3 + 10*a**2 - a - 24. Give r(-7).
130
Let w(z) = -11*z - 65. Determine w(-7).
12
Let q(b) = -b**3 + 3*b + 17. What is q(0)?
17
Let s(n) = -n**2 + 22. Give s(0).
22
Let a(i) = 2*i**3 + i**2 + 4*i - 5. Determine a(2).
23
Let i(a) = -a**2 + 3*a. Determine i(3).
0
Let h(p) = p**3 - 5*p**2 - 38*p + 20. Give h(9).
2
Let v(w) = w**2 + 23*w + 144. Calculate v(-10).
14
Let y(w) = -2*w + 1. Give y(-9).
19
Let h(f) = 18*f**2 - 12*f - 12. Determine h(-1).
18
Let o(s) = 117*s - 13. Determine o(1).
104
Let s(h) = h**3 + 10*h**2 + h - 1. Determine s(-10).
-11
Let y(r) = -r**3 + 4*r**2 + 6*r - 5. Give y(5).
0
Let v(p) = -2*p - 9. What is v(6)?
-21
Let m(n) = 2*n**2 - 5*n. Calculate m(6).
42
Let y(o) = -o**3 - o**2 + 10*o - 7. Calculate y(0).
-7
Let r(s) = -2*s. Calculate r(-8).
16
Let g(a) = a**3 - 2*a**2 - 4*a - 2. Determine g(-2).
-10
Let k(m) = 50*m + 93. Give k(-2).
-7
Let v(x) = -x**2 + 4*x - 3. What is v(5)?
-8
Let i(q) = q**2 - 7*q + 5. Give i(5).
-5
Let t(o) = -o**3 - 2*o**2 + o + 1. Give t(-2).
-1
Let p(d) = d**3 + 7*d**2 - 3*d - 7. What is p(-6)?
47
Let c(x) = -7*x + 50. What is c(5)?
15
Let w(d) = 10*d**2 - 6*d. What is w(1)?
4
Let w(c) = c**2 + 9*c + 2. What is w(-9)?
2
Let f(g) = 11*g - 13. What is f(-4)?
-57
Let y(u) = 5*u + 2. Determine y(-2).
-8
Let g(j) = -3*j**3 - j**2 + 3*j - 3. What is g(2)?
-25
Let w(s) = -4*s**3 - 2*s**2 - 2*s + 2. Give w(-2).
30
Let h(w) = 29*w**3 + 4*w + 3. What is h(-1)?
-30
Let v(d) = 35*d**2 - d + 1. Give v(1).
35
Let j(k) = 8*k - 51. What is j(12)?
45
Let q(g) = -g**3 + 17*g**2 - 15*g - 23. Calculate q(16).
-7
Let i(w) = w**3 - 5*w**2 - w - 7. What is i(6)?
23
Let d(u) = u**3 - 6*u**2 + 6*u + 3. Give d(3).
-6
Let w(z) = z**2 + 11*z + 11. Calculate w(-8).
-13
Let s(f) = -8*f + 184. Determine s(23).
0
Let x(c) = -17*c - 674. Give x(-39).
-11
Let v(q) = -q**3 + 19*q**2 - 17*q - 46. Give v(18).
-28
Let g(f) = f**3 - 16*f**2 + 13*f + 22. Determine g(15).
-8
Let t(h) = -13*h**2 - 288*h - 14. What is t(-22)?
30
Let s(k) = -k**3 - 23*k**2